ctors of 35631.
3, 37, 107
What are the prime factors of 27483?
3, 9161
List the prime factors of 986.
2, 17, 29
List the prime factors of 2139.
3, 23, 31
What are the prime factors of 16350?
2, 3, 5, 109
What are the prime factors of 46545?
3, 5, 29, 107
List the prime factors of 3013.
23, 131
What are the prime factors of 14004?
2, 3, 389
List the prime factors of 15393.
3, 7, 733
List the prime factors of 4397.
4397
What are the prime factors of 10041?
3, 3347
What are the prime factors of 7998?
2, 3, 31, 43
What are the prime factors of 39465?
3, 5, 877
What are the prime factors of 2168?
2, 271
List the prime factors of 21943.
21943
What are the prime factors of 21484?
2, 41, 131
List the prime factors of 160.
2, 5
What are the prime factors of 19155?
3, 5, 1277
List the prime factors of 53731.
53731
List the prime factors of 2478.
2, 3, 7, 59
What are the prime factors of 25496?
2, 3187
What are the prime factors of 14642?
2, 7321
List the prime factors of 22769.
22769
What are the prime factors of 13274?
2, 6637
What are the prime factors of 1555?
5, 311
What are the prime factors of 124209?
3, 37, 373
What are the prime factors of 40593?
3, 7, 1933
List the prime factors of 19709.
19709
What are the prime factors of 569?
569
What are the prime factors of 150839?
13, 41, 283
List the prime factors of 48378.
2, 3, 11, 733
What are the prime factors of 11298?
2, 3, 7, 269
What are the prime factors of 28759?
28759
What are the prime factors of 22552?
2, 2819
List the prime factors of 17903.
17903
List the prime factors of 6907.
6907
What are the prime factors of 45932?
2, 11483
What are the prime factors of 102624?
2, 3, 1069
What are the prime factors of 537?
3, 179
What are the prime factors of 68554?
2, 151, 227
List the prime factors of 28387.
28387
What are the prime factors of 33266?
2, 16633
What are the prime factors of 86061?
3, 28687
What are the prime factors of 83345?
5, 79, 211
What are the prime factors of 1248?
2, 3, 13
List the prime factors of 2276.
2, 569
What are the prime factors of 28865?
5, 23, 251
List the prime factors of 37107.
3, 7, 19, 31
What are the prime factors of 2213?
2213
What are the prime factors of 1266?
2, 3, 211
What are the prime factors of 72?
2, 3
List the prime factors of 10655.
5, 2131
List the prime factors of 23383.
67, 349
List the prime factors of 11116.
2, 7, 397
List the prime factors of 173.
173
What are the prime factors of 1956?
2, 3, 163
List the prime factors of 52475.
5, 2099
List the prime factors of 6065.
5, 1213
What are the prime factors of 13?
13
List the prime factors of 14063.
7, 41
List the prime factors of 33811.
33811
List the prime factors of 4908.
2, 3, 409
What are the prime factors of 58522?
2, 29, 1009
List the prime factors of 7889.
7, 23
What are the prime factors of 2089?
2089
What are the prime factors of 4561?
4561
What are the prime factors of 4445?
5, 7, 127
List the prime factors of 4399.
53, 83
What are the prime factors of 9745?
5, 1949
What are the prime factors of 1802?
2, 17, 53
List the prime factors of 302.
2, 151
What are the prime factors of 493?
17, 29
What are the prime factors of 848?
2, 53
List the prime factors of 10033.
79, 127
What are the prime factors of 8636?
2, 17, 127
What are the prime factors of 8497?
29, 293
List the prime factors of 63807.
3, 21269
What are the prime factors of 9224?
2, 1153
List the prime factors of 397.
397
What are the prime factors of 4027?
4027
What are the prime factors of 855?
3, 5, 19
What are the prime factors of 937?
937
What are the prime factors of 2999?
2999
What are the prime factors of 313?
313
List the prime factors of 16954.
2, 7, 173
What are the prime factors of 93?
3, 31
What are the prime factors of 2710?
2, 5, 271
List the prime factors of 11886.
2, 3, 7, 283
List the prime factors of 4525.
5, 181
List the prime factors of 131059.
131059
What are the prime factors of 3646?
2, 1823
What are the prime factors of 8086?
2, 13, 311
What are the prime factors of 1901?
1901
What are the prime factors of 47430?
2, 3, 5, 17, 31
List the prime factors of 2910.
2, 3, 5, 97
What are the prime factors of 16570?
2, 5, 1657
What are the prime factors of 1113?
3, 7, 53
List the prime factors of 3640.
2, 5, 7, 13
What are the prime factors of 6894?
2, 3, 383
List the prime factors of 36079.
109, 331
What are the prime factors of 313?
313
What are the prime factors of 22423?
17, 1319
List the prime factors of 1246.
2, 7, 89
List the prime factors of 19580.
2, 5, 11, 89
List the prime factors of 1822.
2, 911
List the prime factors of 4803.
3, 1601
What are the prime factors of 121391?
19, 6389
What are the prime factors of 61036?
2, 15259
What are the prime factors of 1097?
1097
List the prime factors of 909.
3, 101
List the prime factors of 3542.
2, 7, 11, 23
List the prime factors of 17180.
2, 5, 859
What are the prime factors of 20563?
20563
List the prime factors of 454.
2, 227
List the prime factors of 26685.
3, 5, 593
What are the prime factors of 165?
3, 5, 11
List the prime factors of 753.
3, 251
What are the prime factors of 9508?
2, 2377
What are the prime factors of 985?
5, 197
What are the prime factors of 5397?
3, 7, 257
List the prime factors of 45659.
45659
List the prime factors of 760.
2, 5, 19
List the prime factors of 4096.
2
What are the prime factors of 5930?
2, 5, 593
List the prime factors of 14904.
2, 3, 23
What are the prime factors of 37217?
37217
What are the prime factors of 55431?
3, 2053
What are the prime factors of 479?
479
List the prime factors of 14559.
3, 23, 211
What are the prime factors of 4484?
2, 19, 59
List the prime factors of 724.
2, 181
List the prime factors of 356.
2, 89
What are the prime factors of 1283?
1283
What are the prime factors of 55038?
2, 3, 9173
List the prime factors of 813.
3, 271
What are the prime factors of 18933?
3, 6311
What are the prime factors of 73162?
2, 157, 233
List the prime factors of 22388.
2, 29, 193
List the prime factors of 10515.
3, 5, 701
What are the prime factors of 1704?
2, 3, 71
List the prime factors of 4138.
2, 2069
List the prime factors of 973.
7, 139
What are the prime factors of 4221?
3, 7, 67
What are the prime factors of 2319?
3, 773
What are the prime factors of 5384?
2, 673
List the prime factors of 9740.
2, 5, 487
What are the prime factors of 54043?
11, 17
List the prime factors of 91622.
2, 61, 751
What are the prime factors of 8493?
3, 19, 149
List the prime factors of 8044.
2, 2011
List the prime factors of 96494.
2, 48247
What are the prime factors of 20454?
2, 3, 7, 487
What are the prime factors of 38466?
2, 3, 2137
List the prime factors of 2576.
2, 7, 23
List the prime factors of 767.
13, 59
List the prime factors of 130260.
2, 3, 5, 13, 167
List the prime factors of 1363.
29, 47
List the prime factors of 36236.
2, 9059
What are the prime factors of 37993?
37993
List the prime factors of 2737.
7, 17, 23
What are the prime factors of 5171?
5171
List the prime factors of 34142.
2, 43, 397
List the prime factors of 1865.
5, 373
List the prime factors of 43082.
2, 13, 1657
What are the prime factors of 24135?
3, 5, 1609
List the prime factors of 5324.
2, 11
What are the prime factors of 590?
2, 5, 59
List the prime factors of 12677.
7, 1811
What are the prime factors of 3410?
2, 5, 11, 31
List the prime factors of 9913.
23, 431
List the prime factors of 6272.
2, 7
What are the prime factors of 24038?
2, 7, 17, 101
What are the prime factors of 51569?
7, 53, 139
List the prime factors of 12.
2, 3
List the prime factors of 1016.
2, 127
List the prime factors of 15222.
2, 3, 43, 59
What are the prime factors of 2777?
2777
What are the prime factors of 20894?
2, 31, 337
List the prime factors of 2510.
2, 5, 251
List the prime factors of 32616.
2, 3, 151
List the prime factors of 12987.
3, 13, 37
What are the prime factors of 4618?
2, 2309
List the prime factors of 334.
2, 167
List the prime factors of 4167.
3, 463
What are the prime factors of 212?
2, 53
List the prime factors of 5895.
3, 5, 131
List the prime factors of 126191.
13, 17, 571
List the prime factors of 4638.
2, 3, 773
List the prime factors of 7023.
3, 2341
What are the prime factors of 6839?
7, 977
What are the prime factors of 439?
439
What are the p